20 + -3 - (-21 - -3) - 16
19
What is the value of (190 - 196) + (17 - 2)?
9
What is the value of (-26 - (6 - 2)) + -4 + 13 + -3?
-24
Evaluate -8 + (2 - 12) + 11 + 14.
7
Evaluate (-176 - -173) + -1 + 10 - (-23 - 1).
30
Evaluate -293 + 262 - (3 - 16).
-18
Evaluate -5 + (2 - (-7 + 3 + 26 - 11)).
-14
Evaluate 19 + (-3 - -1 - (10 - (15 + -7))).
15
What is the value of 1 + 2 + -12 + -14 + 24 + 3?
4
Calculate 17 + (-9 - (1 + 4)).
3
What is (10 - 13 - -13) + -20 + (-4 - -17)?
3
Calculate (23 - 13) + -8 - -3.
5
24 + (7 - 6 - 42)
-17
What is the value of -5 + 26 - (4 - 2)?
19
What is 8 - ((11 - (-6 - -15)) + 3 + -1)?
4
Evaluate 14 + -26 + 13 + (-5 - 2).
-6
What is -40 + 71 + -41 - (-6 + (1 - 1))?
-4
Calculate 13 - (-26 + 23 + (8 - 1) - 5).
14
Calculate 24 + -45 - (1 + -1).
-21
Evaluate 206 + -195 - (-2 - -16).
-3
What is -3 - (13 + -7 + -8) - -4?
3
Evaluate 105 + -109 - (-26 + (-1 - -1)) - 3.
19
What is (-7 - (-62 + 89 + 0 + 1)) + 7?
-28
What is (12 - -16) + -38 + (0 - -6)?
-4
Calculate 1 + 31 + (-52 - (-70 - -33)).
17
Evaluate -6 + -6 + 13 - (-1 + -8).
10
Evaluate 84 + -60 + (-2 - (-5 + (5 - 1))).
23
Evaluate 23 - (6 + 3 - (25 - 21)).
18
Evaluate -6 - (1 - (6 - -9)) - (1 - 6).
13
What is -3 - (-6 - (6 - 6 - 4))?
-1
What is -4 + 1 + 2 + (-4 - 6)?
-11
Calculate (3 - 9) + (36 - 47).
-17
What is -16 + 13 - (-51 - -33)?
15
What is -15 + 4 + -33 + 79?
35
(0 - 7) + (-3 + 1 - 3 - 1)
-13
(1 - (-3 - -1)) + (233 - 242)
-6
What is the value of (-13 - (13 + -9)) + 13 + -2?
-6
Calculate 3 + (1 - -11) + -12 + 5 + 4.
12
-9 + (38 - 13) + -10
6
What is -13 - (11 - 40) - 20?
-4
Evaluate (7 - (-2 - -5)) + 14 + -17 + 8.
9
What is the value of -9 + (-7 - 3) + 26 - (0 - 8)?
15
Calculate 10 + (5 - 18) + -6 + -2.
-11
Calculate 39 + (9 + (-8 - 9) - 0) - 10.
21
What is 1 + 6 + -3 + -2 + (-6 - -2)?
-2
What is the value of (-7 + 11 + 2 - 0) + -2 + -21?
-17
Evaluate -7 + (-11 - -8 - 3) + 7 - 7.
-13
Evaluate -8 - -2 - (-4 + (-2 - 2) + 4).
-2
-13 + 9 + 19 + -4 - 10
1
Evaluate -11 + 4 + (25 - (11 + -2)).
9
Evaluate 1 + (50 - 36) + -1 + -1 + 0.
13
What is the value of -5 + 15 + -8 + 16 + 20?
38
What is (-3 - -3 - 6) + 1 + -5 + 35?
25
What is the value of -19 - (-6 + (0 - 6) + 5 + 4)?
-16
Calculate 0 - 1 - (36 - (10 + 32)).
5
What is the value of 0 - 13 - (169 + -173)?
-9
Calculate (-1 - (-1 - 7) - -1) + -14.
-6
0 - (-4 + -4) - 7 - (1 - 2)
2
-16 + -12 + -11 + 13
-26
Calculate -23 + 48 + -13 + 26.
38
Evaluate 0 - (7 + 3) - -16.
6
Evaluate -4 - (0 + -8 - 6).
10
Calculate 85 - 98 - (-5 + -6).
-2
What is the value of -2 - (5 + -6 + 10 - (-6 - -13))?
-4
Evaluate 7 - 8 - 3 - -2 - -5 - 9.
-6
Calculate (-9 - (3 - -5 - 13)) + 8.
4
22 + -3 + -8 + 0
11
What is (2 - (2 + 4) - (-48 + 41)) + 2?
5
What is (0 - -2 - (-26 + 19)) + 0?
9
What is the value of (1 - 2 - -1) + (-2 - (8 + -22))?
12
What is 14 - (-5 + -2 - -25 - 9 - 1)?
6
Evaluate -27 + 3 - (146 + -165).
-5
18 + 3 - ((14 - 25) + 11)
21
What is 23 + (36 - (19 + 20))?
20
10 + -7 + -13 + 1
-9
Evaluate -5 - -6 - (5 - 7 - 7).
10
Evaluate -9 - (12 + (-26 - -8)).
-3
Evaluate 2 + -12 - (2 - (14 + 3)).
5
-5 + 14 + (3 - 22)
-10
Evaluate -1 - -19 - (-24 + 22 - 5).
25
-7 + -9 + 5 - -11
0
What is -6 + 6 + 4 - 7 - -7?
4
Evaluate -10 + 30 - (16 - -1).
3
5 - (-4 - 1 - -12)
-2
71 - 81 - (-2 + (-2 - -8))
-14
Evaluate -7 - 0 - (-10 + (6 - 0)).
-3
Evaluate 44 - (48 - 20) - (0 + -7 + 0).
23
What is the value of (29 - 41 - -19) + 1 + -2 + 1?
7
What is -6 + 14 + (-18 - 1 - -2)?
-9
What is 5 + (-9 + 7 - 9 - 9)?
-15
Calculate -5 + 0 + (20 - 2).
13
What is the value of -8 + 0 - (-1 - -3 - (35 - 39))?
-14
What is the value of (-10 + 18 - 2) + 8 - 1?
13
-31 + 77 + -42 + 1 + -1
4
Calculate 262 + -240 + (0 - 0 - (2 + 3)).
17
0 + 0 + (82 + -82 - (9 + 2))
-11
What is 27 + (7 - 14) + 0?
20
-10 + 0 - (298 - 296) - -14
2
18 - 10 - (3 - 1 - 0)
6
Evaluate (-135 - -135 - ((1 - 1) + 9)) + -7.
-16
(2 - 10) + (-1 - -12) + 0
3
Evaluate (-8 - -13) + 0 + -1 - -29.
33
Evaluate 87 + -107 + -1 + 2 + 8.
-11
Evaluate -8 + (-50 - -47 - (-1 - 13) - 19).
-16
What is 0 - (-5 - (20 + -9))?
16
What is -30 + 4 + 30 + 25?
29
What is 0 + -7 - (-29 - (7 - (11 + 1)))?
17
Evaluate (54 - 58) + (-10 - 1) - 3.
-18
What is 37 + -37 + 1 + -3 + -13 + -2?
-17
-74 + 87 - (3 - 9)
19
What is 211 + -170 + (-17 - -6)?
30
-5 + (-1 - 22) - -5 - (-13 - -15)
-25
Calculate 11 + (14 - (-18 - -12)).
31
(0 - -7) + (4 - (0 + -7 - -7))
11
Calculate -7 - (-11 - -2) - 5 - -16.
13
(27 - 4) + -17 + 5
11
What is (-8 - 1) + (279 - 293)?
-23
What is the value of (1 - -1) + 14 + 17 + -41?
-8
Evaluate 16 + -36 - -35 - 28.
-13
What is (-13 - 2) + -25 + 25?
-15
What is 6 - -2 - (-97 + 101)?
4
What is 6 + -6 + 6 - 1 - (16 + -24)?
13
Evaluate 32 + -74 + -7 + 31.
-18
Evaluate 10 + -14 + (-16 - -2) + -1 + 3.
-16
Calculate -6 - (1 - (9 + (-1 - 2))).
-1
Evaluate -24 - (3 - 42) - (0 - 6).
21
-1 + 2 + -11 + (56 - -3) + -19
30
What is the value of 12 + -4 + 3 + -50 + 53?
14
-19 - (-18 - (-2 - 4))
-7
Evaluate 4 - (5 + -2) - 4 - (1 + 4).
-8
What is the value of 0 + -7 - (15 + -3 + -45 + 38)?
-12
Calculate 10 + 29 + -39 + -3.
-3
What is the value of -9 - ((-2 - (-2 - -1)) + -20)?
12
(-10 - 9) + -9 - -18
-10
What is -4 + 15 - (-3 - -25)?
-11
What is 3 - (9 + -12 - (-13 + 19))?
12
-102 - -99 - (-1 - (30 + -3) - 2)
27
Calculate 1 - ((2 - 9) + 13) - (70 - 38).
-37
48 - 75 - (12 - 67)
28
25 + -13 - (21 + -1)
-8
0 + -11 + 0 - (-4 - -33 - 10)
-30
(0 - -5) + (14 - 11)
8
(11 - 0 - (-192 - -194)) + 6
15
Calculate (62 - 28) + -40 - (-2 + 1).
-5
Evaluate (9 - -3) + -7 - (27 + -3).
-19
What is the value of -127 - -117 - ((-27 - -23) + (1 - 13))?
6
Evaluate -19 + (25 - -3) - (-2 - -27).
-16
Evaluate 11 + (-2 - 4 - (-6 + 31)).
-20
-44 + 43 + 1 + -15
-15
What is the value of -251 + 258 - (10 - (2 + 0))?
-1
-10 - (-7 + 2 + 19 + -14)
-10
4 - (9 + 21 + (10 - 6)) - -5
-25
What is (10 - -4) + (-18 - -8)?
4
-2 + -22 + 13 + -6
-17
What is the value of -32 + 48 - (18 - 0)?
-2
Evaluate -5 + -1 + (2 - 2) - (-820 + 805).
9
Evaluate 20 + 118 + -110 + (2 - 7).
23
What is -7 - ((-4 - (10 + 6)) + 6 - 0)?
7
What is the value of (5 + 11 + -7 - (5 + -4)) + 21?
29
8 + -15 - -12 - (0 + 2 + 2)
1
Evaluate -86 + 75 - (1 - -3 - (1 - -2)).
-12
What is -6 - 13 - (31 - 24)?
-26
What is the value of 7 + -1 - (0 + -9 + (-72 - -77))?
10
What is the value of 3 + 10 + -9 + 28?
32
17 - (-23 + 12 - -31)
-3
What is the value of 5 + (15 - 22 - -16 - (-1 + 9))?
6
Calculate (9 - (12 - 12)) + -7 - (0 + -14).
16
Evaluate -6 + -2 + -4 + 18 + -22.
-16
What is the value of (10 - ((-1 - 8 - -5) + 10)) + 5?
9
Evaluate (23 - 0 - -22) + (1 - 11).
35
What is (3 - 12) + ((-2 - 3) + 9 - 5)?
-10
What is -2 + -16 + 0 + -37 + 31?
-24
6 + -2 - (12 + -8 - 23)
23
Calculate (2 - (3 + 4)) + (22 - (2 + 0)).
15
Calculate -44 + 10 + 12 - -15.
-7
-11 + 4 - ((6 - 0) + (-73 - -62))
-2
What is -2 - (0 - (-3 + 7) - 1)?
3
What is the value of -18 - (-17 + 5 + 1)?
-7
What is the value of (-1 + -1 - (-4 - 7 - -21)) + 6?
-6
Evaluate -17 + (10 - (-6 + 1)) - (-31 + -1).
30
What is 0 + (0 - -5) - 0 - (-666 + 664)?
7
Calculate -8 + 2 + (-27 - -40) - (29 - 13).
-9
What is (30 - (24 - -1)) + (4 - (-2 - 0))?
11
What is the value of (33 + -9 - 8) + -3 + (-3 - -11)?
21
Evaluate 3 - (13 + -1 + 1) - 12.
-22
Calculate 15 - (9 + (-22 - -2) - -5).
21
(9 - -1) + -22 + 8 - (1 + 9)
-14
What is -1 - -1 - (83 - 81)?
-2
Evaluate 45 - 43 - (4 - 0 - (-4 - -3)).
-3
What is -3 - -12 - (4 + -7)?
12
What is the value of -33 + 10 + (3 + 13 - 11)?
-18
What is the value of -1066 - -1059 - (-1 + (-1 - (1 + 9)))?
5
Evaluate (-13 - -18) + -8 - ((0 - 2) + -1).
0
What is -7 + 0 + (2 - -7 - 8) + -24?
-30
Calculate 16 - 13 - (-2 - 5).
10
Evaluate 175 - 167 - (-4 - 1).
13
What is 23 - (-28 - -52) - -10?
9
What is 1 + -26 - (22 + -19 - 15)?
-13
What is the value of -12 - -30 - (0 - -4 - (-4 + 5))?
15
9 - 1 - (-22 - -10)
20
What is the value of (8 - 33) + 1 + 4 + 6?
-14
-16 - (-31 + -3 + 9)
9
0 - -16 - ((0 - 4) + -4 + 9)
15
What is the value of (67 - 89) + -19 - (2 + 2 + -14)?
-31
What is 33 - (-12 + (-21 - -65))?
1
(-44 - -93) + -54 + (6 - (-2 - -1))
2
Calculate 37 - (-2 + (-5 - (-12 - 4))) - 7.
21
11 + (13 - 35) + (5 - -2)
-4
What is 30 + (-6 + 7 - 14) + -1?
16
(45 - 82) + 46 - ((6 - 2) + -1)
6
19 - (-32 + 48 - -6)
-3
-22 + 3 + -36 + 70
15
What is the value of (5 